{"id":5,"date":"2024-10-28T12:18:32","date_gmt":"2024-10-28T12:18:32","guid":{"rendered":"https:\/\/rm-metal.ch\/?page_id=5"},"modified":"2024-11-01T11:56:57","modified_gmt":"2024-11-01T10:56:57","slug":"accueil","status":"publish","type":"page","link":"https:\/\/rm-metal.ch\/","title":{"rendered":"Accueil"},"content":{"rendered":"\n<div class=\"wp-block-columns is-not-stacked-on-mobile is-layout-flex wp-container-core-columns-is-layout-28f84493 wp-block-columns-is-layout-flex\">\n<div class=\"wp-block-column is-layout-flow wp-block-column-is-layout-flow\" style=\"flex-basis:100%\">\n<div class=\"wp-block-cover has-palette-color-2-color has-text-color has-link-color wp-elements-1e505e6b309c0ec580c23ab43a7fb71b\" style=\"min-height:50px;aspect-ratio:unset;\"><span aria-hidden=\"true\" class=\"wp-block-cover__background has-palette-color-8-background-color has-background-dim-90 has-background-dim\"><\/span><img loading=\"lazy\" decoding=\"async\" width=\"1024\" height=\"473\" class=\"wp-block-cover__image-background wp-image-340\" alt=\"\" src=\"https:\/\/rm-metal.ch\/wp-content\/uploads\/2024\/10\/IMAGE-2024-10-28-092601-1024x473.jpg\" style=\"object-position:69% 64%\" data-object-fit=\"cover\" data-object-position=\"69% 64%\" srcset=\"https:\/\/rm-metal.ch\/wp-content\/uploads\/2024\/10\/IMAGE-2024-10-28-092601-1024x473.jpg 1024w, https:\/\/rm-metal.ch\/wp-content\/uploads\/2024\/10\/IMAGE-2024-10-28-092601-300x139.jpg 300w, https:\/\/rm-metal.ch\/wp-content\/uploads\/2024\/10\/IMAGE-2024-10-28-092601-768x355.jpg 768w, https:\/\/rm-metal.ch\/wp-content\/uploads\/2024\/10\/IMAGE-2024-10-28-092601.jpg 1080w\" sizes=\"auto, (max-width: 1024px) 100vw, 1024px\" \/><div class=\"wp-block-cover__inner-container is-layout-flow wp-block-cover-is-layout-flow\">\n<p class=\"has-text-align-left\"><strong>RM-Montage<\/strong> est une entreprise sp\u00e9cialis\u00e9e dans la maintenance et la construction m\u00e9tallique.<\/p>\n\n\n\n<p>En nous choisissant, vous aurez:<\/p>\n\n\n\n<ul class=\"wp-block-list\">\n<li>Une \u00e9quipe de professionnels exp\u00e9riment\u00e9s<\/li>\n\n\n\n<li>Des solutions rapides et adapt\u00e9es<\/li>\n\n\n\n<li>La s\u00e9curit\u00e9 et la conformit\u00e9 aux normes<\/li>\n\n\n\n<li>Une fiabilit\u00e9 t\u00e9moign\u00e9e par de <a href=\"https:\/\/rm-metal.ch\/?page_id=366\" data-type=\"page\" data-id=\"366\">nombreux clients satisfaits<\/a><\/li>\n<\/ul>\n<\/div><\/div>\n<\/div>\n<\/div>\n\n\n\n<p><strong>Nos services<\/strong>:<\/p>\n\n\n<div class=\"lightweight-accordion has-text-color has-background\"><details><summary class=\"lightweight-accordion-title\" style=\"color:var(--theme-palette-color-2, #1a237e);background:var(--theme-palette-color-5, #b1b5e8);\"><span>Maintenance<\/span><\/summary><div class=\"lightweight-accordion-body\" style=\"border-color:var(--theme-palette-color-5, #b1b5e8);\">\n\n<p>Nous assurons des interventions r\u00e9guli\u00e8res et ponctuelles pour garantir le bon fonctionnement de vos installations, r\u00e9duisant ainsi les risques de pannes et prolongeant la dur\u00e9e de vie de vos installations.<\/p>\n\n<\/div><\/details><\/div>\n\n<div class=\"lightweight-accordion has-text-color has-background\"><details><summary class=\"lightweight-accordion-title\" style=\"color:var(--theme-palette-color-2, #1a237e);background:var(--theme-palette-color-5, #b1b5e8);\"><span>Serrurerie<\/span><\/summary><div class=\"lightweight-accordion-body\" style=\"border-color:var(--theme-palette-color-5, #b1b5e8);\">\n\n<p>Nous offrons un service complet pour le contr\u00f4le et l\u2019entretien de vos portes et fen\u00eatres, cela inclut :<\/p>\n\n\n\n<ul class=\"wp-block-list\">\n<li>Contr\u00f4le du fonctionnement des ouvrants.<\/li>\n\n\n\n<li>Remplacement et r\u00e9glage des \u00e9l\u00e9ments d\u00e9fectueux.<\/li>\n\n\n\n<li>Installation de syst\u00e8me de contr\u00f4le d\u2019acc\u00e8s pour renforcer la s\u00e9curit\u00e9 de votre b\u00e2timent.<\/li>\n\n\n\n<li>Maintenance r\u00e9guli\u00e8re.<\/li>\n<\/ul>\n\n<\/div><\/details><\/div>\n\n<div class=\"lightweight-accordion has-text-color has-background\"><details><summary class=\"lightweight-accordion-title\" style=\"color:var(--theme-palette-color-2, #1a237e);background:var(--theme-palette-color-5, #b1b5e8);\"><span>S\u00e9curit\u00e9<\/span><\/summary><div class=\"lightweight-accordion-body\" style=\"border-color:var(--theme-palette-color-5, #b1b5e8);\">\n\n<p>Nous sommes votre partenaire de confiance pour assurer la s\u00e9curit\u00e9 de vos installations.<\/p>\n\n\n\n<ul class=\"wp-block-list\">\n<li>Contr\u00f4le des fa\u00e7ades et maintenance globale<\/li>\n\n\n\n<li>Evaluation de l\u2019\u00e9tat des joints et des t\u00f4leries.<\/li>\n\n\n\n<li>V\u00e9rification et maintenance de tous les \u00e9l\u00e9ments de construction m\u00e9tallique.<\/li>\n\n\n\n<li>Remplacement des verres ab\u00eem\u00e9s.<\/li>\n\n\n\n<li>Remise en \u00e9tat des joints silicone d\u00e9t\u00e9rior\u00e9s avec le temps.<\/li>\n\n\n\n<li>Intervention sur les \u00e9l\u00e9ments ext\u00e9rieurs pour maintenir l\u2019int\u00e9grit\u00e9 de votre b\u00e2timent. Ces services sont int\u00e9gr\u00e9s dans nos propositions de maintenance future, garantissant que tous les aspects de la fa\u00e7ade de votre b\u00e2timent sont pris en compte et entretenus.<\/li>\n<\/ul>\n\n<\/div><\/details><\/div>\n\n<div class=\"lightweight-accordion has-text-color has-background\"><details><summary class=\"lightweight-accordion-title\" style=\"color:var(--theme-palette-color-2, #1a237e);background:var(--theme-palette-color-5, #b1b5e8);\"><span>Service d&rsquo;entretien<\/span><\/summary><div class=\"lightweight-accordion-body\" style=\"border-color:var(--theme-palette-color-5, #b1b5e8);\">\n\n<p>Nous sommes l\u00e0 pour intervenir rapidement sur divers petits travaux de service apr\u00e8s-vente. Notre \u00e9quipe est qualifi\u00e9e pour r\u00e9pondre \u00e0 vos besoins vari\u00e9s en serrurerie et construction m\u00e9tallique.<\/p>\n\n<\/div><\/details><\/div>\n\n<div class=\"lightweight-accordion has-text-color has-background\"><details><summary class=\"lightweight-accordion-title\" style=\"color:var(--theme-palette-color-2, #1a237e);background:var(--theme-palette-color-5, #b1b5e8);\"><span>Construction m\u00e9tallique<\/span><\/summary><div class=\"lightweight-accordion-body\" style=\"border-color:var(--theme-palette-color-5, #b1b5e8);\">\n\n<p>RM Montage r\u00e9alise \u00e9galement des travaux de construction m\u00e9tallique sur mesure. Que se soit pour des installations sp\u00e9cifiques, telles que balustrades, escaliers, couverts, portes, fen\u00eatres, etc.<\/p>\n\n<\/div><\/details><\/div>\n\n<div class=\"lightweight-accordion has-text-color has-background\"><details><summary class=\"lightweight-accordion-title\" style=\"color:var(--theme-palette-color-2, #1a237e);background:var(--theme-palette-color-5, #b1b5e8);\"><span>Sous traitance<\/span><\/summary><div class=\"lightweight-accordion-body\" style=\"border-color:var(--theme-palette-color-5, #b1b5e8);\">\n\n<p>RM Montage est \u00e9galement \u00e0 votre disposition pour renforcer vos \u00e9quipes en vous proposant les services suivants :<\/p>\n\n\n\n<ul class=\"wp-block-list\">\n<li>Sous-traitance SAV (service pr\u00e8s-vente)<\/li>\n\n\n\n<li>Sous-traitance montage<\/li>\n<\/ul>\n\n<\/div><\/details><\/div>\n\n<div class=\"lightweight-accordion has-text-color has-background\"><details><summary class=\"lightweight-accordion-title\" style=\"color:var(--theme-palette-color-2, #1a237e);background:var(--theme-palette-color-5, #b1b5e8);\"><span>Moustiquaires<\/span><\/summary><div class=\"lightweight-accordion-body\" style=\"border-color:var(--theme-palette-color-5, #b1b5e8);\">\n\n<p>Nous proposons des moustiquaires de haute qualit\u00e9. Grace \u00e0 notre service complet, de la prise de mesures \u00e0 l\u2019installation, vous n\u2019aurez plus \u00e0 vous soucier des insectes. Prot\u00e9gez votre int\u00e9rieur tout en profitant de l\u2019air frais !<\/p>\n\n<\/div><\/details><\/div>\n\n\n<p><\/p>\n\n\n\n<p><\/p>\n","protected":false},"excerpt":{"rendered":"<p>Nos services:<\/p>\n","protected":false},"author":1,"featured_media":0,"parent":0,"menu_order":0,"comment_status":"closed","ping_status":"closed","template":"","meta":{"inline_featured_image":false,"footnotes":""},"class_list":["post-5","page","type-page","status-publish","hentry"],"blocksy_meta":[],"yoast_head":"<!-- This site is optimized with the Yoast SEO plugin v27.3 - https:\/\/yoast.com\/product\/yoast-seo-wordpress\/ -->\n<title>Accueil - RM-Montage<\/title>\n<meta name=\"robots\" content=\"index, follow, max-snippet:-1, max-image-preview:large, max-video-preview:-1\" \/>\n<link rel=\"canonical\" href=\"https:\/\/rm-metal.ch\/\" \/>\n<meta property=\"og:locale\" content=\"fr_FR\" \/>\n<meta property=\"og:type\" content=\"article\" \/>\n<meta property=\"og:title\" content=\"Accueil - RM-Montage\" \/>\n<meta property=\"og:description\" content=\"Nos services:\" \/>\n<meta property=\"og:url\" content=\"https:\/\/rm-metal.ch\/\" \/>\n<meta property=\"og:site_name\" content=\"RM-Montage\" \/>\n<meta property=\"article:modified_time\" content=\"2024-11-01T10:56:57+00:00\" \/>\n<meta property=\"og:image\" content=\"https:\/\/rm-metal.ch\/wp-content\/uploads\/2024\/10\/IMAGE-2024-10-28-092601.jpg\" \/>\n\t<meta property=\"og:image:width\" content=\"1080\" \/>\n\t<meta property=\"og:image:height\" content=\"499\" \/>\n\t<meta property=\"og:image:type\" content=\"image\/jpeg\" \/>\n<meta name=\"twitter:card\" content=\"summary_large_image\" \/>\n<meta name=\"twitter:label1\" content=\"Dur\u00e9e de lecture estim\u00e9e\" \/>\n\t<meta name=\"twitter:data1\" content=\"2 minutes\" \/>\n<script type=\"application\/ld+json\" class=\"yoast-schema-graph\">{\"@context\":\"https:\\\/\\\/schema.org\",\"@graph\":[{\"@type\":\"WebPage\",\"@id\":\"https:\\\/\\\/rm-metal.ch\\\/\",\"url\":\"https:\\\/\\\/rm-metal.ch\\\/\",\"name\":\"Accueil - RM-Montage\",\"isPartOf\":{\"@id\":\"https:\\\/\\\/rm-metal.ch\\\/#website\"},\"primaryImageOfPage\":{\"@id\":\"https:\\\/\\\/rm-metal.ch\\\/#primaryimage\"},\"image\":{\"@id\":\"https:\\\/\\\/rm-metal.ch\\\/#primaryimage\"},\"thumbnailUrl\":\"https:\\\/\\\/rm-metal.ch\\\/wp-content\\\/uploads\\\/2024\\\/10\\\/IMAGE-2024-10-28-092601-1024x473.jpg\",\"datePublished\":\"2024-10-28T12:18:32+00:00\",\"dateModified\":\"2024-11-01T10:56:57+00:00\",\"breadcrumb\":{\"@id\":\"https:\\\/\\\/rm-metal.ch\\\/#breadcrumb\"},\"inLanguage\":\"fr-FR\",\"potentialAction\":[{\"@type\":\"ReadAction\",\"target\":[\"https:\\\/\\\/rm-metal.ch\\\/\"]}]},{\"@type\":\"ImageObject\",\"inLanguage\":\"fr-FR\",\"@id\":\"https:\\\/\\\/rm-metal.ch\\\/#primaryimage\",\"url\":\"https:\\\/\\\/rm-metal.ch\\\/wp-content\\\/uploads\\\/2024\\\/10\\\/IMAGE-2024-10-28-092601.jpg\",\"contentUrl\":\"https:\\\/\\\/rm-metal.ch\\\/wp-content\\\/uploads\\\/2024\\\/10\\\/IMAGE-2024-10-28-092601.jpg\",\"width\":1080,\"height\":499},{\"@type\":\"BreadcrumbList\",\"@id\":\"https:\\\/\\\/rm-metal.ch\\\/#breadcrumb\",\"itemListElement\":[{\"@type\":\"ListItem\",\"position\":1,\"name\":\"Accueil\",\"item\":\"https:\\\/\\\/rm-metal.ch\\\/\"},{\"@type\":\"ListItem\",\"position\":2,\"name\":\"Accueil\"}]},{\"@type\":\"WebSite\",\"@id\":\"https:\\\/\\\/rm-metal.ch\\\/#website\",\"url\":\"https:\\\/\\\/rm-metal.ch\\\/\",\"name\":\"RM-Montage\",\"description\":\"Et le m\u00e9tal se conjugue au futur\",\"publisher\":{\"@id\":\"https:\\\/\\\/rm-metal.ch\\\/#organization\"},\"potentialAction\":[{\"@type\":\"SearchAction\",\"target\":{\"@type\":\"EntryPoint\",\"urlTemplate\":\"https:\\\/\\\/rm-metal.ch\\\/?s={search_term_string}\"},\"query-input\":{\"@type\":\"PropertyValueSpecification\",\"valueRequired\":true,\"valueName\":\"search_term_string\"}}],\"inLanguage\":\"fr-FR\"},{\"@type\":\"Organization\",\"@id\":\"https:\\\/\\\/rm-metal.ch\\\/#organization\",\"name\":\"RM-Montage\",\"url\":\"https:\\\/\\\/rm-metal.ch\\\/\",\"logo\":{\"@type\":\"ImageObject\",\"inLanguage\":\"fr-FR\",\"@id\":\"https:\\\/\\\/rm-metal.ch\\\/#\\\/schema\\\/logo\\\/image\\\/\",\"url\":\"https:\\\/\\\/rm-metal.ch\\\/wp-content\\\/uploads\\\/logos\\\/logo_small.svg\",\"contentUrl\":\"https:\\\/\\\/rm-metal.ch\\\/wp-content\\\/uploads\\\/logos\\\/logo_small.svg\",\"width\":514,\"height\":407,\"caption\":\"RM-Montage\"},\"image\":{\"@id\":\"https:\\\/\\\/rm-metal.ch\\\/#\\\/schema\\\/logo\\\/image\\\/\"}}]}<\/script>\n<!-- \/ Yoast SEO plugin. -->","yoast_head_json":{"title":"Accueil - RM-Montage","robots":{"index":"index","follow":"follow","max-snippet":"max-snippet:-1","max-image-preview":"max-image-preview:large","max-video-preview":"max-video-preview:-1"},"canonical":"https:\/\/rm-metal.ch\/","og_locale":"fr_FR","og_type":"article","og_title":"Accueil - RM-Montage","og_description":"Nos services:","og_url":"https:\/\/rm-metal.ch\/","og_site_name":"RM-Montage","article_modified_time":"2024-11-01T10:56:57+00:00","og_image":[{"width":1080,"height":499,"url":"https:\/\/rm-metal.ch\/wp-content\/uploads\/2024\/10\/IMAGE-2024-10-28-092601.jpg","type":"image\/jpeg"}],"twitter_card":"summary_large_image","twitter_misc":{"Dur\u00e9e de lecture estim\u00e9e":"2 minutes"},"schema":{"@context":"https:\/\/schema.org","@graph":[{"@type":"WebPage","@id":"https:\/\/rm-metal.ch\/","url":"https:\/\/rm-metal.ch\/","name":"Accueil - RM-Montage","isPartOf":{"@id":"https:\/\/rm-metal.ch\/#website"},"primaryImageOfPage":{"@id":"https:\/\/rm-metal.ch\/#primaryimage"},"image":{"@id":"https:\/\/rm-metal.ch\/#primaryimage"},"thumbnailUrl":"https:\/\/rm-metal.ch\/wp-content\/uploads\/2024\/10\/IMAGE-2024-10-28-092601-1024x473.jpg","datePublished":"2024-10-28T12:18:32+00:00","dateModified":"2024-11-01T10:56:57+00:00","breadcrumb":{"@id":"https:\/\/rm-metal.ch\/#breadcrumb"},"inLanguage":"fr-FR","potentialAction":[{"@type":"ReadAction","target":["https:\/\/rm-metal.ch\/"]}]},{"@type":"ImageObject","inLanguage":"fr-FR","@id":"https:\/\/rm-metal.ch\/#primaryimage","url":"https:\/\/rm-metal.ch\/wp-content\/uploads\/2024\/10\/IMAGE-2024-10-28-092601.jpg","contentUrl":"https:\/\/rm-metal.ch\/wp-content\/uploads\/2024\/10\/IMAGE-2024-10-28-092601.jpg","width":1080,"height":499},{"@type":"BreadcrumbList","@id":"https:\/\/rm-metal.ch\/#breadcrumb","itemListElement":[{"@type":"ListItem","position":1,"name":"Accueil","item":"https:\/\/rm-metal.ch\/"},{"@type":"ListItem","position":2,"name":"Accueil"}]},{"@type":"WebSite","@id":"https:\/\/rm-metal.ch\/#website","url":"https:\/\/rm-metal.ch\/","name":"RM-Montage","description":"Et le m\u00e9tal se conjugue au futur","publisher":{"@id":"https:\/\/rm-metal.ch\/#organization"},"potentialAction":[{"@type":"SearchAction","target":{"@type":"EntryPoint","urlTemplate":"https:\/\/rm-metal.ch\/?s={search_term_string}"},"query-input":{"@type":"PropertyValueSpecification","valueRequired":true,"valueName":"search_term_string"}}],"inLanguage":"fr-FR"},{"@type":"Organization","@id":"https:\/\/rm-metal.ch\/#organization","name":"RM-Montage","url":"https:\/\/rm-metal.ch\/","logo":{"@type":"ImageObject","inLanguage":"fr-FR","@id":"https:\/\/rm-metal.ch\/#\/schema\/logo\/image\/","url":"https:\/\/rm-metal.ch\/wp-content\/uploads\/logos\/logo_small.svg","contentUrl":"https:\/\/rm-metal.ch\/wp-content\/uploads\/logos\/logo_small.svg","width":514,"height":407,"caption":"RM-Montage"},"image":{"@id":"https:\/\/rm-metal.ch\/#\/schema\/logo\/image\/"}}]}},"_links":{"self":[{"href":"https:\/\/rm-metal.ch\/index.php?rest_route=\/wp\/v2\/pages\/5","targetHints":{"allow":["GET"]}}],"collection":[{"href":"https:\/\/rm-metal.ch\/index.php?rest_route=\/wp\/v2\/pages"}],"about":[{"href":"https:\/\/rm-metal.ch\/index.php?rest_route=\/wp\/v2\/types\/page"}],"author":[{"embeddable":true,"href":"https:\/\/rm-metal.ch\/index.php?rest_route=\/wp\/v2\/users\/1"}],"replies":[{"embeddable":true,"href":"https:\/\/rm-metal.ch\/index.php?rest_route=%2Fwp%2Fv2%2Fcomments&post=5"}],"version-history":[{"count":58,"href":"https:\/\/rm-metal.ch\/index.php?rest_route=\/wp\/v2\/pages\/5\/revisions"}],"predecessor-version":[{"id":438,"href":"https:\/\/rm-metal.ch\/index.php?rest_route=\/wp\/v2\/pages\/5\/revisions\/438"}],"wp:attachment":[{"href":"https:\/\/rm-metal.ch\/index.php?rest_route=%2Fwp%2Fv2%2Fmedia&parent=5"}],"curies":[{"name":"wp","href":"https:\/\/api.w.org\/{rel}","templated":true}]}}